 digit of 1442252?
5
What is the ten thousands digit of 1287261?
8
What is the hundred thousands digit of 6887420?
8
What is the units digit of 1884150?
0
What is the millions digit of 2177137?
2
What is the thousands digit of 239625?
9
What is the units digit of 2025062?
2
What is the hundred thousands digit of 2284254?
2
What is the tens digit of 2088?
8
What is the hundreds digit of 22349623?
6
What is the hundreds digit of 140219?
2
What is the hundred thousands digit of 382433?
3
What is the thousands digit of 7631646?
1
What is the hundred thousands digit of 3086631?
0
What is the hundred thousands digit of 770000?
7
What is the hundreds digit of 2033029?
0
What is the tens digit of 2440171?
7
What is the hundreds digit of 69848?
8
What is the ten thousands digit of 1291158?
9
What is the units digit of 701834?
4
What is the millions digit of 1311795?
1
What is the hundred thousands digit of 149752?
1
What is the ten thousands digit of 49869?
4
What is the hundreds digit of 181437?
4
What is the thousands digit of 2058244?
8
What is the ten thousands digit of 17733836?
3
What is the hundred thousands digit of 2431961?
4
What is the units digit of 2322561?
1
What is the thousands digit of 568930?
8
What is the hundreds digit of 5402022?
0
What is the units digit of 1905787?
7
What is the hundred thousands digit of 1381255?
3
What is the tens digit of 7977062?
6
What is the ten thousands digit of 74435?
7
What is the hundreds digit of 30184?
1
What is the hundreds digit of 7095660?
6
What is the ten thousands digit of 570538?
7
What is the ten thousands digit of 296633?
9
What is the ten thousands digit of 4937414?
3
What is the hundreds digit of 80578?
5
What is the hundreds digit of 564169?
1
What is the tens digit of 14437?
3
What is the units digit of 6184468?
8
What is the millions digit of 1736304?
1
What is the hundred thousands digit of 240039?
2
What is the units digit of 220138?
8
What is the hundreds digit of 4505431?
4
What is the ten thousands digit of 51459?
5
What is the hundreds digit of 3356527?
5
What is the units digit of 176707?
7
What is the hundred thousands digit of 17467991?
4
What is the hundred thousands digit of 935907?
9
What is the ten thousands digit of 125939?
2
What is the millions digit of 6262748?
6
What is the ten thousands digit of 157501?
5
What is the hundred thousands digit of 2951434?
9
What is the tens digit of 3135365?
6
What is the ten thousands digit of 671906?
7
What is the ten thousands digit of 2379790?
7
What is the hundred thousands digit of 3161861?
1
What is the hundreds digit of 1620861?
8
What is the hundreds digit of 21791129?
1
What is the hundred thousands digit of 105567?
1
What is the ten thousands digit of 65779?
6
What is the hundreds digit of 128604?
6
What is the ten thousands digit of 4022881?
2
What is the thousands digit of 11660191?
0
What is the tens digit of 21594840?
4
What is the ten thousands digit of 5999720?
9
What is the thousands digit of 639195?
9
What is the ten thousands digit of 7207169?
0
What is the hundreds digit of 435842?
8
What is the hundred thousands digit of 249416?
2
What is the units digit of 12859671?
1
What is the tens digit of 1877063?
6
What is the ten millions digit of 21919475?
2
What is the thousands digit of 1621535?
1
What is the ten thousands digit of 1217949?
1
What is the tens digit of 665801?
0
What is the ten thousands digit of 151889?
5
What is the ten thousands digit of 529380?
2
What is the thousands digit of 1095949?
5
What is the ten thousands digit of 1889142?
8
What is the ten thousands digit of 610581?
1
What is the thousands digit of 11864800?
4
What is the thousands digit of 142952?
2
What is the tens digit of 458376?
7
What is the thousands digit of 931615?
1
What is the hundred thousands digit of 344180?
3
What is the ten thousands digit of 2200887?
0
What is the tens digit of 6666028?
2
What is the tens digit of 161083?
8
What is the ten thousands digit of 1186250?
8
What is the hundred thousands digit of 3349026?
3
What is the units digit of 25133028?
8
What is the tens digit of 39993?
9
What is the tens digit of 34510?
1
What is the ten thousands digit of 3664631?
6
What is the units digit of 729989?
9
What is the tens digit of 16028104?
0
What is the ten thousands digit of 1987896?
8
What is the units digit of 136098?
8
What is the hundred thousands digit of 468273?
4
What is the millions digit of 5420428?
5
What is the hundred thousands digit of 953483?
9
What is the ten thousands digit of 14529862?
2
What is the tens digit of 693428?
2
What is the hundreds digit of 8995852?
8
What is the hundreds digit of 10076935?
9
What is the units digit of 890302?
2
What is the thousands digit of 278261?
8
What is the millions digit of 1561237?
1
What is the tens digit of 224703?
0
What is the thousands digit of 8471920?
1
What is the ten thousands digit of 167009?
6
What is the ten thousands digit of 9422751?
2
What is the thousands digit of 52227?
2
What is the thousands digit of 18736350?
6
What is the tens digit of 4769250?
5
What is the thousands digit of 148670?
8
What is the hundreds digit of 100252?
2
What is the tens digit of 71219?
1
What is the thousands digit of 1199411?
9
What is the hundreds digit of 121731?
7
What is the millions digit of 1287361?
1
What is the thousands digit of 4859035?
9
What is the hundred thousands digit of 15003922?
0
What is the tens digit of 2022536?
3
What is the units digit of 312042?
2
What is the ten thousands digit of 24221?
2
What is the hundreds digit of 2299385?
3
What is the thousands digit of 432497?
2
What is the hundreds digit of 194477?
4
What is the hundreds digit of 334113?
1
What is the hundreds digit of 142965?
9
What is the thousands digit of 36339?
6
What is the hundred thousands digit of 1174403?
1
What is the thousands digit of 3917245?
7
What is the tens digit of 241357?
5
What is the units digit of 50789?
9
What is the thousands digit of 312842?
2
What is the units digit of 4988592?
2
What is the tens digit of 2962850?
5
What is the hundreds digit of 367481?
4
What is the units digit of 19775700?
0
What is the hundreds digit of 723498?
4
What is the ten thousands digit of 491564?
9
What is the millions digit of 11148858?
1
What is the units digit of 8162197?
7
What is the hundreds digit of 136082?
0
What is the tens digit of 115689?
8
What is the ten thousands digit of 98268?
9
What is the units digit of 919943?
3
What is the ten thousands digit of 1674162?
7
What is the tens digit of 23825232?
3
What is the hundreds digit of 169328?
3
What is the ten thousands digit of 267629?
6
What is the thousands digit of 6141336?
1
What is the ten thousands digit of 15232248?
3
What is the ten thousands digit of 124215?
2
What is the ten thousands digit of 299113?
9
What is the units digit of 383322?
2
What is the hundred thousands digit of 146692?
1
What is the hundred thousands digit of 231907?
2
What is the units digit of 45754?
4
What is the units digit of 161619?
9
What is the hundreds digit of 3578480?
4
What is the hundreds digit of 456949?
9
What is the tens digit of 381128?
2
What is the tens digit of 2412788?
8
What is the hundreds digit of 21559?
5
What is the thousands digit of 3615921?
5
What is the units digit of 104033?
3
What is the thousands digit of 575467?
5
What is the ten thousands digit of 1118764?
1
What is the thousands digit of 1178601?
8
What is the hundreds digit of 4279694?
6
What is the ten thousands digit of 8861690?
6
What is the ten thousands digit of 170956?
7
What is the units digit of 1635314?
4
What is the tens digit of 510247?
4
What is the units digit of 518844?
4
What is the tens digit of 324235?
3
What is the hundreds digit of 290588?
5
What is the hundred thousands digit of 4101897?
1
What is the hundred thousands digit of 1637361?
6
What is the hundreds digit of 606594?
5
What is the thousands digit of 161954?
1
What is the thousands digit of 248960?
8
What is the hundreds digit of 18271402?
4
What is the ten thousands digit of 5035178?
3
What is the millions digit of 1556145?
1
What is the thousands digit of 21709437?
9
What is the hundreds digit of 12874442?
4
What is the tens digit of 4293540?
4
What is the tens digit of 568248?
4
W